30 + (20 - 26) + -12?
-10
Evaluate 27 + (-43 - (-31 + 17)).
-2
-115 - -80 - (-31 - 4)
0
Calculate -11 + -4 + -1 - -29.
13
What is the value of 6 - -1 - ((-10 - (-28 + 9)) + -7)?
5
-7 - (-93 + 76 - (-5 - 2))
3
27 + (-6 - (9 + 3))
9
Calculate -10 - (-156 - -155 - (0 + 4 - 5)).
-10
Evaluate 17 + -11 - -3 - (9 + -5).
5
What is 11 + (4 - 16) + (4 - 1)?
2
Evaluate -9 + (-11 - (-2 + -7 + 0)).
-11
Evaluate (8 - 5) + -4 + 1 + 0 - -7.
7
(0 - 8) + (14 - (-11 - -14) - -6)
9
0 + (-17 - -26) + (0 - -2)
11
Evaluate (9 - 20) + 6 - -12.
7
Evaluate 2 + -15 + 1 + 4.
-8
Calculate -2849 + 2853 + (18 - 2 - (-2 - -1)).
21
What is the value of -8 - (4 + -2 + -28 + (2 - -5))?
11
Evaluate -6 + -1 - -4 - (-6 + 8 - -1).
-6
Evaluate -3 + (-41 - (-4 - (8 + -2))) + -3.
-37
What is the value of (-11 - (10 - 23) - -2) + -17?
-13
-17 - (-14 - (3 - -8))
8
What is the value of 15 - ((-12 - -10 - 5) + 34)?
-12
What is the value of -6 - (0 + 10 - 6) - -8?
-2
Calculate -11 + 2 + 6 + 14.
11
What is (14 - (4 - 7)) + 14?
31
Calculate (19 - 3) + -13 + 4 + -1.
6
Evaluate (8 - (-2 - 15)) + -20.
5
What is the value of 4 - 22 - (28 - 33)?
-13
Evaluate 8 - (-1 + 1 + (-399 - -395)).
12
Calculate -36 + (26 + -65 - -70).
-5
Calculate (176 - 188) + -1 + (-1 - -8 - -1).
-5
Evaluate 17 + (-5 - 12) + 5 - -1.
6
Evaluate -8 + ((-5 - 7) + 6 - (-22 + 9)).
-1
What is the value of -15 - ((1 - 6) + (-358 - -382))?
-34
Calculate (10 + 3 - 0) + -3 + 4 + -3.
11
Evaluate -9 + (0 - (-11 + (-10 - -10))).
2
18 + 15 + 15 + -19 + -20
9
What is -14 + 4 - (15 + -34)?
9
Evaluate (-26 - (-9 - (-11 + 13))) + 13.
-2
0 + 11 - (-21 + 9 + 29) - -39
33
-20 - (-1 - (-16 - -21))
-14
What is the value of (-38 - -17) + (43 - 9)?
13
-34 - (23 + -49 - 2)
-6
Evaluate 2 + 0 + -4 - (-9 + (-24 - -16)).
15
Calculate 0 - ((-1 - -10) + (14 - 24)) - 2.
-1
What is 1 + 2 + 1 + -4 + 25 + -31?
-6
What is 8 + (-1 - -5 - 0) + -2?
10
Calculate (-1 - -1) + 18 - (701 - 691).
8
Calculate 2 - 10 - (45 + -14 + -9).
-30
What is (-2 - (-8 - -2)) + 2 + -1 + -8?
-3
Evaluate 8 - (-12 - -21) - (-1 + 3).
-3
Calculate -7 - -4 - -9 - (-24 - -26).
4
-18 + -1 - (56 - 60)
-15
Evaluate -7 + (-3 - -1) + 14 + (4 - 14).
-5
-13 + 9 + -3 + 4 - (11 + 2)
-16
Evaluate -29 + 4 - -3 - (25 - 34).
-13
What is -19 + (-17 + 11 - -4) + 7?
-14
Calculate 1 - (-4 - (5 + -8)) - (4 + 12).
-14
What is the value of -1 + 29 + (10 - (-14 + 28))?
24
Evaluate -124 + 126 - (28 + -7).
-19
What is -8 + -1 + 5 + -8 + 3 + 3?
-6
What is the value of -8 - (-2 - -10 - (15 + -24 + 13))?
-12
17 - -2 - (372 + -340)
-13
What is the value of (8 - (20 - 13)) + -5 + -3?
-7
Evaluate (-19 - -47) + -24 - -2.
6
Evaluate 18 + -3 - 5 - (-15 + (19 - -4)).
2
What is (33 - 0 - 3) + -23 + 14?
21
What is the value of -20 + 23 - -38 - 38?
3
What is -5 + -10 + 9 - (-12 + 3)?
3
What is (-31 + -7 - -25) + 36?
23
11 - (-9 - (112 - 104 - (0 + 4)))
24
What is the value of -8 + 3 + (5 - 3)?
-3
Evaluate 9 + -22 + 4 - 11.
-20
What is -5 - (-9 - -15) - (9 - 20)?
0
-13 + -8 + 1 + 11 + -6 + 1
-14
What is 3 - 11 - (-25 + (-11 - -24))?
4
Calculate 1119 - 1093 - ((-1 - -1) + 8).
18
(3 + -12 - (1 + (4 - 4))) + -2
-12
What is -7 + 1 + -12 + (3 - (-9 + 3))?
-9
Evaluate 4 - ((5 - -2) + -6 - (2 + 2)).
7
Calculate 7 - ((-3 - (7 + -11 + 6)) + -2).
14
Evaluate 13 + -12 + (-3 - -14).
12
What is -26 - -17 - ((-4 - -10) + -2 - 8)?
-5
What is the value of 375 - 372 - (-9 - (0 + 1 + 1))?
14
0 + -4 + 3 + 6 + (-8 - -5)
2
Calculate -16 + -6 - (-28 + 13).
-7
What is the value of 6 + -1 + ((5 - 7) + 6 - 2)?
7
Calculate -7 + 1 + -1 - (-4 + (-6 - -6)).
-3
What is 31 + ((10 - (8 - 0)) + -10 - 0)?
23
What is (2 - 13) + 20 - 30?
-21
Evaluate -9 - 4 - (4 + -1 - (-3 + 12)).
-7
19 - ((5 - 16) + 18)
12
What is (-4 + 7 - -6) + -1 + -7 + 17?
18
What is (6 - 1) + 157 + -184?
-22
33 - 0 - (31 + -36 - -15)
23
What is the value of -12 + 3 + 1 + 9 + 30 + -7?
24
Evaluate 236 + -231 + (-4 + 13 - 1).
13
Calculate -6 - 24 - -28 - -9.
7
(161 + -152 - (1 - -11)) + -13
-16
-3 + -10 + 34 + -24 - -25
22
0 - -29 - (-28 + 42)
15
What is the value of 8 + 2 - (-7 - -13 - 3)?
7
What is -10 - -9 - (11 + -3 - 5)?
-4
What is 1 - -6 - (-14 + -12 - -23)?
10
(25 - 5) + -63 + 18
-25
(4 + 8 - 5) + -3
4
Evaluate -4 - (2 - -1 - (3 - -6)).
2
Evaluate 5 - (4 + (0 - 0) + 4) - -5.
2
Calculate (154 - 151) + -10 + 0 + 4.
-3
What is (76 - 71) + 2 + (-2 - 12)?
-7
What is 8 + (-4 - (12 - -5 - 2 - 5))?
-6
Evaluate (9 - 10) + (-4 + 4 + 14 - -4).
17
10 + (-4 + 11 - 10)
7
Evaluate -26 - (20 - 26 - (-9 - -7)).
-22
What is the value of -25 - (-8 + -16) - (1 + -4 + -1)?
3
What is the value of -18 + 18 + (8 - 15)?
-7
What is the value of (31 - -5) + -26 + 20?
30
Calculate (7 - (-38 + 19)) + -29.
-3
Evaluate -3 - -2 - (330 + -346).
15
What is 1 + 11 - (-1 - (-3 + -2) - 0)?
8
Evaluate 153 - 134 - (-1 - -25).
-5
Evaluate -160 - -163 - (-1 + 0).
4
What is 35 + 34 + 6 + -42?
33
Calculate (-127 - -135) + (-1 + -1 - (-3 - -3)).
6
-7 + -4 + 13 + -7 + 1
-4
Calculate 1 + (-6 - (10 - 9) - -12).
6
(-1 - 2) + (-36 - -26) + (-2 - -4)
-11
14 - ((-10 - -11 - -5) + 4)
4
What is -5 + (5 + 0 - (-3 + 4))?
-1
What is -10 + 0 - (27 + -25 - 12)?
0
Evaluate -14 + 11 + 4 - (-1 + 25) - -1.
-22
Calculate -3 + (11 + -5 - -2) + -4 + 11.
12
What is the value of (-3 - 3) + -9 - (-22 - -8)?
-1
Evaluate 2 - 6 - -9 - (0 + -4 - 3).
12
(-10 - (-22 - -12)) + 13
13
-6 + -7 + -3 + 11 - (-25 + -2)
22
Evaluate (2670 - 2666) + 5 + (0 - 0).
9
0 - (3 + 4 - 6) - 12
-13
Calculate -22 - -15 - -5 - -1.
-1
Calculate -4 + (0 - -6) - (-3 + -4).
9
Calculate ((-17 - -8) + 3 - -16) + (2 - 4).
8
(19 + (-22 - -15) - 2) + (0 - 40)
-30
(-7 - (-2 + 7)) + (7 + -4 - -1)
-8
-28 + (-7 - -11) - -16
-8
Evaluate (11 - 47) + 39 + -8.
-5
What is 5 + (-2 - (-5 + 6 + 4 - -3))?
-5
Calculate 3 + -12 + -13 - -33.
11
What is 12 + 12 + -16 + -10?
-2
Evaluate -28 + 12 + 13 - ((0 - 15) + 3).
9
What is the value of (8 - (4 + 5 + 2)) + (17 - -2)?
16
Evaluate -3 + -15 - (122 + -136).
-4
What is the value of 42 - 0 - (35 + 13 + -19 + -19)?
32
Calculate 52 - (60 + 4) - (21 - 0).
-33
Evaluate -2 - 2 - 5 - (-8 + 7 + -2).
-6
1 + -12 + -3 + 26 + -16 - 7
-11
What is (13 - 0 - 0) + -363 + 372?
22
Calculate 6 - (-8 + 18) - (4 + 1).
-9
What is the value of (23 - (1 + -5 + 18)) + -7?
2
Evaluate 11 + 8 + -12 + -10.
-3
-26 + (22 - (18 - 12))
-10
20 - (15 - (38 - 25))
18
Evaluate -4 - (11 - (35 + -8 - 11)).
1
-22 - (-33 - (-24 - -10))
-3
62 - (27 - 2 - -9)
28
9 + -24 - (-7 + 1 - (20 - 20))
-9
What is the value of 28 + -28 - (36 - 4)?
-32
Calculate 30 - 17 - (2 - 1 - -3).
9
What is (2 - (12 - 9) - (-4 - 2)) + -13?
-8
Calculate -14 - ((-6 - 12) + 4).
0
Evaluate (-2 - (-9 - -9 - -4)) + -7.
-13
What is the value of -5 + (-4 - -1) + 2 - (-33 + 26)?
1
What is -16 + 14 + 25 - (7 + -1)?
17
-8 + 19 + (-1 - 20)
-10
What is -8 - -2 - (-1 - 8 - -7)?
-4
Calculate 8 - 4 - 14 - -4.
-6
Evaluate 2 + 1 - (22 + -4).
-15
Calculate -21 + 41 - (26 - -2).
-8
What is -3 - (-6 + -5 + 6)?
2
81 - 76 - (28 + -1 - (-13 + 9))
-26
7 - (4 - (5 + 10 - 7))
11
5 - (11 + -18 + -5)
17
What is the value of (-5 - -13) + 6 + -2?
12
What is the value of 1 + (-7 - -3) - (4 - 14) - 22?
-15
What is the value of -33 + 24 + 4 - 22?
-27
4 - 9 - (-2 + -10 + 7 - -13)
-13
Evaluate 0 + 0 - 1 - (16 + -30 + 11).
2
5 + (2 - 5) + 6 + (-34 - -5)
-21
What is the value of 7 - -1 - (18 - 3) - (-16 - -1)?
8
What is the value of (-8 - 5) + (53 - 25) + -12?
3
What is (5 - (12 - 11)) + 9 - -2?
15
What is the value of -4 - -4 - (-36 + 33 - (0 + -2))?
1
What is -36 + (-38 - -18) + 21?
-35
20 + (10 - 13) + -22
-5
What is 1 + 3 - (13 - (-14 - -16))?
-7
What is the value of -5 + -2 + (-2 - (-4 + -9))?
4
Evaluate -10 + (-1 - -1) - (160 + -183).
13
What is 1 + 0 + (-12 - (7 + -11 + -4))?
-3
What is -2 - -6 - ((2 - -1) + 37 + -41)?
5
Evaluate (3 - (5 + -1 + 0)) + -2.
-3
What is 1 + (6 - (17 + -9 + 3))?
-4
What is -1 - 9 - (0 + -6)?
-4
Evaluate 1 - 0 - (6 + -4 + (9 - 8)).
-2
-53 - (22 - 29) - -24
-22
Calculate (-4 - -9) + (21 - 9).
17
(-68 - -41 - -24) + 26
23
Calculate -7 + 9 + 3 + -10 + -1.
-6
-4 - (1 - 17) - (-3 - (-10 + 1))
6
What is (-6 - (21 - (-6 + 5 - -2))) + 6?
-20
What is the value of 4 - (13 + -5 + 3)?
-7
Evaluate -11 + 11 + 22 + -42.
-20
-4 + -4 + 14 + 10
16
-21 + -1 - (-65 + 65) - (-12 + 6)
-16
Evaluate -24 + 11 + (-11 - 1) - -9.
-16
What is the 